What is the units digit of (-2)/(18684/(-2334) - -8)?
9
Suppose 3*l = -2*l. Suppose 5*h - 3*s + 4*s - 281 = l, h - 4*s = 73. What is the units digit of h?
7
Let p(s) be the second derivative of s**3/6 + s**2 + 4*s. Let n be p(2). Let r = n - -2. What is the units digit of r?
6
Suppose -5*s + 4*k = -1146, 0*s + 3*k = -s + 214. What is the hundreds digit of s?
2
Let n(i) = -54*i + 139. What is the hundreds digit of n(-15)?
9
What is the thousands digit of 16*64 + (-9)/3?
1
Let l be 86/18 - (-8)/36. Suppose 3*p = -l*j - 75, -95 + 20 = 5*j - p. Let y(t) = -t**2 - 19*t - 12. What is the units digit of y(j)?
8
Let m be (-6)/(-18)*6/(2/2). Suppose m*c - 29 = c. What is the units digit of c?
9
Let r = 13 - 10. Let v(j) = 2*j - 9. Let l be v(r). What is the tens digit of (l - 21)*3/(-6)?
1
Let q = 85 - 83. Suppose -n - 3*b = -2*b - 129, q*b + 362 = 3*n. What is the tens digit of n?
2
Let d(i) = -1. Let n(c) = -7*c**3 - 4*c**2 + 0*c**3 + 11*c**3 - 2 - 5*c**3. Let h(v) = 2*d(v) - n(v). What is the units digit of h(-3)?
9
Let q(d) = d**2 + 15*d + 18. Suppose k + 55 = 2*k. Suppose 5*u = -15 - k. What is the units digit of q(u)?
4
Let q = 82 - 51. Let a be (q - 1)/((-14)/(-7)). Let p = a + 9. What is the tens digit of p?
2
Suppose 4 = -2*n, -v + 1 = -5*n - 10. Suppose x = -v + 2. What is the units digit of -1 + x + (14 - -1)?
5
Let z = 69 - 117. Let a = z + 100. Suppose 2*t - a = -12. What is the units digit of t?
0
What is the hundreds digit of (1208 + 5 + -8)*1?
2
Let j = 7 - 10. Let m be (j - -6) + 1*2. Suppose m*o = 5*b - 75, b - 7 = 3*o + 2*o. What is the units digit of b?
7
Suppose 2*n + 4*h = -6, 14 = -2*h + 4. Let z be 1/(-5) - 424/(-20). Let d = z + n. What is the units digit of d?
8
Suppose 3*r + 2 = 4*r. Suppose r*l - 103 = -x - 0*x, -179 = -2*x + 5*l. What is the tens digit of x?
9
What is the tens digit of ((-8)/((-160)/(-3865)))/((-7)/28)?
7
Suppose 5*t - 2*p = -16 + 62, 0 = 4*t + p - 42. Suppose 3*o - t*o + 364 = 0. What is the tens digit of o?
5
Suppose 0 = 9*d - 1055 - 1141. What is the units digit of d?
4
Let n = 75 - 59. Let c(r) = r + 66. What is the tens digit of c(n)?
8
Let d be -4*1*(-4)/4. Suppose 15 = -d*r - 9. What is the units digit of (-138)/r + (-1 - 1)?
1
Let v be (-164)/(-20) + (-1)/5. Let w = 17 + v. What is the units digit of w?
5
Let r(g) = g**3 - 6*g**2 + 4*g + 7. Let d be r(5). Let x be 11 - -10 - -2*2. Suppose d*y = x + 1. What is the units digit of y?
3
Suppose 11*u - 6090 = 8991. What is the tens digit of u?
7
Suppose 12*d = 14227 + 8213. What is the hundreds digit of d?
8
Let h = 299 - 157. What is the tens digit of h?
4
Suppose 2*c - 4 = 6. Suppose a + 2 = -c*s + 28, -2*a = -4*s + 18. Suppose -s*b - 62 = -4*v, -3*b = -3*v + b + 46. What is the tens digit of v?
1
Let a = 10 - 10. Let s = a - 4. Let i = s + 60. What is the units digit of i?
6
Let r(g) = 2*g**2 - 3*g - 16. Suppose -4*q + 44 = 4*d, 5*d - 2*q = d + 26. What is the units digit of r(d)?
8
Suppose -8*m = -7*m - 12. Let l be 19/114 + 10/m. What is the units digit of (57 - 2)/1*l?
5
Suppose 33*w - 6140 - 3133 = 0. What is the tens digit of w?
8
Suppose 0 = w - 2 - 2. Suppose w*j + 3*n - 31 = 0, -2*j - 5*n = -2 - 3. Suppose -2*d + 62 = t, d = -t + 22 + j. What is the tens digit of d?
3
What is the tens digit of 1/(6/48*4) - -171?
7
Suppose -c - 2*z - 3*z = -15, 4*c - z - 60 = 0. Suppose -4*j + j + c = 0. What is the units digit of j?
5
Suppose -3*m - 9 = 2*d, 7 = -5*d + 5*m + 22. Suppose d = -0*o - 2*o - 2, o = -5*s + 1074. What is the hundreds digit of s?
2
Let g(v) = 192*v - 2. Suppose -49*i = -54*i + 5. What is the units digit of g(i)?
0
Suppose -26 + 2 = -4*o. Let i be o/27 + 3668/18. Suppose -k + i = 3*k. What is the units digit of k?
1
Suppose x + 0*x + 22 = 0. Let f be 11/x - (-122)/4. Let i = 57 - f. What is the units digit of i?
7
Let g(n) = 4*n**2 + 2*n + 2. Let k = -20 - -19. Let s be g(k). What is the units digit of 3/s - 339/(-12)?
9
Suppose -5*k = -2*x + 73 + 147, 2*x = 4*k + 220. Let d = x + -64. What is the units digit of d?
6
Let o(s) = -s - 8. Let w be o(-10). Suppose -2*k - 2 = -w*l, -25 = -7*l + 3*l - 3*k. What is the units digit of l?
4
Suppose 0 = -9*l + 9 + 9. Suppose l*x - 2 = 5*r + 10, -2*x + 3*r = -8. What is the units digit of x?
1
Let t = -1356 - -4943. What is the hundreds digit of t?
5
Suppose -5*z + 26*c + 5835 = 31*c, z - 1163 = 3*c. What is the hundreds digit of z?
1
Suppose -3*a + 1 = 4*h, -2*a + 2*h + 1 = -9. What is the tens digit of -1 + (-2132)/(-16) - a/12?
3
Let r(j) = 2*j - 8. Let c be r(6). Suppose -18 = c*z + 190. What is the tens digit of 1/((-56)/z - 1)?
1
Let l(m) = -6*m + 8. Let n be l(7). Let w = n - 8. Let g = -12 - w. What is the units digit of g?
0
Let c(k) = 3*k - 4 - 16*k**2 + k**3 + 6*k + 9*k. What is the tens digit of c(16)?
8
Suppose -5*q + 27 = 3*i, 4*q = i - 3 + 11. Suppose q*o + 10 - 133 = -5*c, -4*c = 12. What is the units digit of o?
6
Let x(h) = -325*h - 396. What is the tens digit of x(-13)?
2
Suppose 2*h = -3*d + 722, -2*d + d + 246 = -2*h. Suppose 4*m + 3*t = -d, m + m = -2*t - 120. Let z = -35 - m. What is the tens digit of z?
2
Let b(k) = -k**3 - 2*k**2 - k + 15. Let m be b(0). Let y(s) = -2*s**2 + 5 - s**2 + 4*s**2 - m. What is the units digit of y(-6)?
6
What is the tens digit of (6/(-12))/(((-3)/(-2904))/(-1))?
8
Let h(l) = 4*l**2 + l - 39. Let z(w) = 5*w**2 + 2*w - 38. Let q(c) = 4*h(c) - 3*z(c). What is the units digit of q(10)?
8
Let o(z) = z**2 + 13*z. Let l be o(-13). Suppose l + 8 = 4*t. What is the units digit of t?
2
Let c = 189 + -166. What is the tens digit of c?
2
Let v be ((-9)/15)/(3/(-105)). Let g = v - 45. Let c = -2 - g. What is the tens digit of c?
2
Suppose 0 = 5*d - 3 + 23. Let a be ((-6)/9)/(d/528). Suppose -j = j - a. What is the tens digit of j?
4
Suppose -73 = 4*t - 5*a, 4*a = -2*t + 3*t + 32. What is the tens digit of (-16)/t*33/2?
2
Suppose 0 = -51*x + 9705 + 51852. What is the thousands digit of x?
1
Suppose 4*q - 19235 = -5*n, -14853 = -4*n - 2*q + 541. What is the hundreds digit of n?
8
Let w be ((-580)/8)/((-2)/4). Suppose 5*m - 5*z - w = -z, 3*z - 15 = 0. Suppose 0 = -2*v - v + m. What is the units digit of v?
1
Let p be 15099/21 + (-6 - (0 - 2)). Suppose 3*t + 10*t = p. What is the tens digit of t?
5
Suppose 14 = 2*t - 2*q, 5*t = q - 5*q - 1. Let l(z) = t - 6*z - 2 + 10*z. What is the units digit of l(1)?
5
Suppose 4*u - 7*u = 12. Let o(x) = -x**3 + 4*x**2 + x. What is the tens digit of o(u)?
2
Suppose 3*a - 12 = -3*a. Suppose -2*q + 7*r - a*r + 61 = 0, -3*r = -15. What is the tens digit of q?
4
Let z(v) = -467*v - 97. What is the thousands digit of z(-7)?
3
Let p(a) = -2*a**3 + 19*a**2 - a - 5. What is the hundreds digit of p(-6)?
1
What is the units digit of (3/4)/((-33)/(-12452))?
3
What is the units digit of 314 - (2 - 2 - 3)?
7
Let t(s) = s**3 + 4*s**2 + 2342. What is the tens digit of t(0)?
4
Suppose 5*y - 4*p + p = 1076, -2*p + 852 = 4*y. What is the tens digit of y?
1
Let s(t) be the third derivative of -t**4/6 - 4*t**3/3 - t**2. Let a be s(-12). Suppose 2*j - 64 = -5*h + a, 3*h = 6. What is the tens digit of j?
4
What is the hundreds digit of (2 - -1)/((-6)/3504*-8)?
2
Let m be 155/3 - (-2)/(-3). Let d be (25/(-15))/(-5)*m. Let q = 19 - d. What is the units digit of q?
2
Suppose 0*c - 2*c - 857 = -3*d, 2*d - 4*c - 566 = 0. What is the hundreds digit of d?
2
Suppose -3*i - 10 = -2*c + 2, -5*c - 4*i + 76 = 0. Suppose 0 = -t - 5 + c. Suppose t*n - 160 = 2*n. What is the tens digit of n?
3
Suppose -3*t = -2*h - 4713 + 349, -5*t = h - 7282. What is the units digit of t?
6
What is the hundreds digit of (1/(-2))/(6/(-5208))?
4
Let k = -8 + 24. Let m be (-19)/(-4) + 4/k. Suppose m*x = 163 + 7. What is the tens digit of x?
3
Suppose 55 = -2*m + 13. Suppose -2*r = 5*p + 56, -5*r + 1 = -2*p + 112. Let u = m - r. What is the units digit of u?
2
Suppose -3*s = k - 48, 2*k - 6 = -0*k. Suppose -4*w + 38 = 2*q, s = 2*w + w - 3*q. Suppose 3*r - w = 40. What is the units digit of r?
6
Let i = -62 - -66. What is the units digit of 46 - i/((-1)/1)?
0
Let n = 650 + -105. What is the hundreds digit of n?
5
Suppose -87*m + 20230 = -80*m. What is the hundreds digit of m?
8
Suppose 0 = -28*z + 36*z - 2664. What is the hundreds digit of z?
3
Let s = -26 + 49. What is the te